{"id":6,"date":"2024-08-01T14:39:29","date_gmt":"2024-08-01T12:39:29","guid":{"rendered":"https:\/\/www.manumerologie.fr\/?page_id=6"},"modified":"2024-08-09T10:49:58","modified_gmt":"2024-08-09T08:49:58","slug":"accueil","status":"publish","type":"page","link":"https:\/\/www.manumerologie.fr\/","title":{"rendered":"Accueil"},"content":{"rendered":"\n<h3 class=\"wp-block-heading\"><strong>LA NUM\u00c9ROLOGIE<\/strong><\/h3>\n\n\n\n<p class=\"has-palette-color-2-color has-text-color has-link-color wp-elements-63f4e51403ae0c1b322e1501e58ffd50\"><strong>La num\u00e9rologie est une lecture et interpr\u00e9tation des nombres qui nous entours. \u00e0 travers leur symbolique, leur g\u00e9om\u00e9trie etc\u2026<\/strong><\/p>\n\n\n\n<p class=\"has-palette-color-2-color has-text-color has-link-color wp-elements-b414cd13b906c41bcc5db673df107e6a\">Elle est issue de la connaissance des anciennes civilisations ( Mayas, \u00c9gyptiennes , Grecs etc\u2026) qui la pratiquaient pour diverses applications.<\/p>\n\n\n\n<p class=\"has-palette-color-2-color has-text-color has-link-color wp-elements-c505ec8ae29333465313dcaf11f25f4f\">Le c\u00e9l\u00e8bre math\u00e9maticien Grec ,Pythagore en a fait une doctrine &nbsp;\u00bb<strong>tout ce qui existe est nombre<\/strong>&nbsp;\u00bb &nbsp;\u00bb&nbsp;<strong>l\u2019essence et le principe des choses est le nombre<\/strong>&nbsp;\u00bb<\/p>\n\n\n\n<p class=\"has-palette-color-2-color has-text-color has-link-color wp-elements-2a6186f9152290f39306b17398140d1e\">La num\u00e9rologie,m\u00e9thode&nbsp;<strong>r\u00e9sonance Num\u00e9rique ADS<\/strong>&nbsp;est un profilage permettant de connaitre comment \u00e0 travers notre ADN nous encodons et d\u00e9codons les informations du monde qui nous entours (l\u2019univers) consciemment et inconsciemment.<\/p>\n\n\n\n<p class=\"has-palette-color-2-color has-text-color has-link-color wp-elements-6421040bb902ae87e1f6745cf73544fd\">Ce profilage nous permet d\u2019avoir un aper\u00e7u sur le comment Je per\u00e7ois, je pense, je suis et je fais.<\/p>\n\n\n\n<p class=\"has-palette-color-2-color has-text-color has-link-color wp-elements-9f3c955c6c0ed1d7dade3cd5f1e888da\">Avec cette m\u00e9thode nous analysons les chiffres de la date de naissance qui correspond \u00e0 la position sur notre calendrier Gr\u00e9gorien de la lune, du soleil, la Terre et des 12 constellations. On en d\u00e9gage donc ce que l\u2019on appel une conjoncture.<\/p>\n\n\n\n<p class=\"has-palette-color-2-color has-text-color has-link-color wp-elements-cd4ba3129714497541e8e958cf87844c\">Conjoncture que nous analyserons \u00e0 travers la s\u00e9ance.<\/p>\n\n\n\n<figure class=\"wp-block-image alignfull size-full has-custom-border is-style-default\"><img loading=\"lazy\" decoding=\"async\" width=\"1920\" height=\"1080\" src=\"https:\/\/www.manumerologie.fr\/wp-content\/uploads\/2024\/08\/the-stars-g64e8c6fb5_1920-edited.jpg\" alt=\"\" class=\"wp-image-101\" style=\"border-style:none;border-width:0px\" srcset=\"https:\/\/www.manumerologie.fr\/wp-content\/uploads\/2024\/08\/the-stars-g64e8c6fb5_1920-edited.jpg 1920w, https:\/\/www.manumerologie.fr\/wp-content\/uploads\/2024\/08\/the-stars-g64e8c6fb5_1920-edited-300x169.jpg 300w, https:\/\/www.manumerologie.fr\/wp-content\/uploads\/2024\/08\/the-stars-g64e8c6fb5_1920-edited-1024x576.jpg 1024w, https:\/\/www.manumerologie.fr\/wp-content\/uploads\/2024\/08\/the-stars-g64e8c6fb5_1920-edited-768x432.jpg 768w, https:\/\/www.manumerologie.fr\/wp-content\/uploads\/2024\/08\/the-stars-g64e8c6fb5_1920-edited-1536x864.jpg 1536w\" sizes=\"auto, (max-width: 1920px) 100vw, 1920px\" \/><\/figure>\n\n\n\n<h3 class=\"wp-block-heading\"><strong>L\u2019INT\u00c9R\u00caT<\/strong><\/h3>\n\n\n\n<p><strong>Elle nous apporte un \u00e9clairage sur<\/strong>&nbsp;:<\/p>\n\n\n\n<ul class=\"wp-block-list has-palette-color-2-color has-text-color has-link-color wp-elements-8a37cbf2266ee1fd151969018e1670a9\">\n<li>Nos pr\u00e9dispositions, nos atouts et faiblesses,<\/li>\n\n\n\n<li>Le profil de notre \u00eatre profond et ses aspirations (besoins)<\/li>\n\n\n\n<li>Le comment je pense, je suis et je fais avec ou sans le voile de l\u2019\u00e9go et du mental,<\/li>\n\n\n\n<li>Nos attachements, nos manques (voir 3 poisons ci-dessous)<\/li>\n\n\n\n<li>la fa\u00e7on dont je per\u00e7ois le monde qui m\u2019entoure avec mes programmations .<\/li>\n<\/ul>\n\n\n\n<p><strong>Elle nous permet de<\/strong>&nbsp;:<\/p>\n\n\n\n<ul class=\"wp-block-list has-palette-color-2-color has-text-color has-link-color wp-elements-6a1ddcac14fce8c597378967a3079f4f\">\n<li>fa\u00e7onner nos outils pour identifier et transformer les influences qui nous maintienne dans un sch\u00e9mas r\u00e9current de \u00ab&nbsp;mal \u00eatres&nbsp;\u00bb<\/li>\n\n\n\n<li>une aide \u00e0 l\u2019orientation dans nos d\u00e9cisions,<\/li>\n\n\n\n<li>apporter une aide \u00e0 notre auto connaissance<\/li>\n<\/ul>\n\n\n\n<div class=\"wp-block-media-text is-stacked-on-mobile\" style=\"grid-template-columns:29% auto\"><figure class=\"wp-block-media-text__media\"><img loading=\"lazy\" decoding=\"async\" width=\"1024\" height=\"576\" src=\"https:\/\/www.manumerologie.fr\/wp-content\/uploads\/2024\/08\/sunset-g5c7e2fd9f_1280-1024x576.jpg\" alt=\"\" class=\"wp-image-60 size-full\" srcset=\"https:\/\/www.manumerologie.fr\/wp-content\/uploads\/2024\/08\/sunset-g5c7e2fd9f_1280-1024x576.jpg 1024w, https:\/\/www.manumerologie.fr\/wp-content\/uploads\/2024\/08\/sunset-g5c7e2fd9f_1280-300x169.jpg 300w, https:\/\/www.manumerologie.fr\/wp-content\/uploads\/2024\/08\/sunset-g5c7e2fd9f_1280-768x432.jpg 768w, https:\/\/www.manumerologie.fr\/wp-content\/uploads\/2024\/08\/sunset-g5c7e2fd9f_1280.jpg 1280w\" sizes=\"auto, (max-width: 1024px) 100vw, 1024px\" \/><\/figure><div class=\"wp-block-media-text__content\">\n<p class=\"has-text-align-center has-palette-color-2-color has-text-color has-link-color wp-elements-c184f48d24bc02d6bbdb004fb9bddec8\"><em>En changeant sa vision sur notre vie quotidienne et ce qui nous entoure, nous accomplissons le premier pas pour retrouver notre nature profonde.<\/em><\/p>\n<\/div><\/div>\n\n\n\n<!--more-->\n\n\n\n<h3 class=\"wp-block-heading\"><strong>PAROLE DE SAGES<\/strong><\/h3>\n\n\n\n<hr class=\"wp-block-separator has-alpha-channel-opacity\"\/>\n\n\n\n<div class=\"wp-block-media-text has-media-on-the-right is-stacked-on-mobile is-vertically-aligned-bottom\" style=\"grid-template-columns:auto 16%\"><div class=\"wp-block-media-text__content\">\n<p class=\"has-text-align-center has-palette-color-2-color has-text-color has-link-color wp-elements-61e252787be779f6e6e0801e5b6e694b\"><em>La premi\u00e8re et la plus importante science est celle du nombre en soi, en excluant le calcul vulgaire. Cette science explique comment il est engendr\u00e9 par le pair et l\u2019impair, quelles sont ses vertus et comment il communique sa nature \u00e0 toute chose\u2026<\/em><\/p>\n\n\n\n<p class=\"has-text-align-center has-palette-color-2-color has-text-color\"><em>Si l\u2019on comprend ces merveilles, on se rend compte qu\u2019elles n\u2019ont pu \u00eatre invent\u00e9es par l\u2019homme, mais qu\u2019elles proc\u00e8dent d\u2019une inspiration d\u2019en haut<\/em><\/p>\n\n\n\n<p><em><strong>\u2013 Platon<\/strong><\/em><\/p>\n<\/div><figure class=\"wp-block-media-text__media\"><img loading=\"lazy\" decoding=\"async\" width=\"577\" height=\"1024\" src=\"https:\/\/www.manumerologie.fr\/wp-content\/uploads\/2024\/08\/plato-5650237_1280-577x1024.png\" alt=\"\" class=\"wp-image-41 size-full\" srcset=\"https:\/\/www.manumerologie.fr\/wp-content\/uploads\/2024\/08\/plato-5650237_1280-577x1024.png 577w, https:\/\/www.manumerologie.fr\/wp-content\/uploads\/2024\/08\/plato-5650237_1280-169x300.png 169w, https:\/\/www.manumerologie.fr\/wp-content\/uploads\/2024\/08\/plato-5650237_1280.png 721w\" sizes=\"auto, (max-width: 577px) 100vw, 577px\" \/><\/figure><\/div>\n\n\n\n<hr class=\"wp-block-separator has-alpha-channel-opacity\"\/>\n\n\n\n<div class=\"wp-block-media-text is-stacked-on-mobile\" style=\"grid-template-columns:17% auto\"><figure class=\"wp-block-media-text__media\"><img loading=\"lazy\" decoding=\"async\" width=\"189\" height=\"267\" src=\"https:\/\/www.manumerologie.fr\/wp-content\/uploads\/2024\/08\/index-1.jpg\" alt=\"\" class=\"wp-image-39 size-full\"\/><\/figure><div class=\"wp-block-media-text__content\">\n<p class=\"has-text-align-center has-palette-color-2-color has-text-color\"><em>Les nombres r\u00e9gissent l\u2019univers, tout est arrang\u00e9 d\u2019apr\u00e8s les nombres.Les nombres contiennent le secret des chiffres et Dieu est l\u2019harmonie universelle\u00bb<\/em><\/p>\n\n\n\n<p><strong>Doctrine pythagoricienne<\/strong><\/p>\n\n\n\n<p class=\"has-text-align-center has-palette-color-2-color has-text-color has-link-color wp-elements-55cdd129c5fddd843d516d8dd5c52956\"><em>\u00ab Soumettre l\u2019univers aux nombres afin de rendre intelligible l\u2019union d\u2019une substance essentiellement spirituelle et infinie avec un corps mat\u00e9riel et limit\u00e9<\/em><\/p>\n\n\n\n<p><em><strong>\u2013 Pythagore<\/strong><\/em><\/p>\n<\/div><\/div>\n\n\n\n<hr class=\"wp-block-separator has-alpha-channel-opacity\"\/>\n\n\n\n<div class=\"wp-block-media-text has-media-on-the-right is-stacked-on-mobile\" style=\"grid-template-columns:auto 20%\"><div class=\"wp-block-media-text__content\">\n<p class=\"has-text-align-center has-palette-color-2-color has-text-color has-link-color wp-elements-a11e866378d9bb917117e31484311227\"><em>Aux nombres s\u2019ajoutent des figures g\u00e9om\u00e9triques all\u00e9goriques et symboliques qui affermissent notre initiation et les rythmes auxquels nous sommes soumis et que nous ignorons, alors qu\u2019une connaissance lucide nous permettrait de les utiliser au mieux des circonstances et des adaptations, car pour celui qui sait, \u00ab&nbsp;tout est relatif&nbsp;\u00bb. C\u2019est l\u00e0 le seul principe absolu.<\/em><\/p>\n\n\n\n<p><em><strong>\u2013 Auguste COMTE<\/strong><\/em><\/p>\n<\/div><figure class=\"wp-block-media-text__media\"><img loading=\"lazy\" decoding=\"async\" width=\"798\" height=\"1024\" src=\"https:\/\/www.manumerologie.fr\/wp-content\/uploads\/2024\/08\/standard_compressed_Auguste_Comte-798x1024.jpg\" alt=\"\" class=\"wp-image-40 size-full\" srcset=\"https:\/\/www.manumerologie.fr\/wp-content\/uploads\/2024\/08\/standard_compressed_Auguste_Comte-798x1024.jpg 798w, https:\/\/www.manumerologie.fr\/wp-content\/uploads\/2024\/08\/standard_compressed_Auguste_Comte-234x300.jpg 234w, https:\/\/www.manumerologie.fr\/wp-content\/uploads\/2024\/08\/standard_compressed_Auguste_Comte-768x986.jpg 768w, https:\/\/www.manumerologie.fr\/wp-content\/uploads\/2024\/08\/standard_compressed_Auguste_Comte.jpg 935w\" sizes=\"auto, (max-width: 798px) 100vw, 798px\" \/><\/figure><\/div>\n\n\n\n<h3 class=\"wp-block-heading\"><strong>LA S\u00c9ANCE<\/strong><\/h3>\n\n\n\n<p><strong>La s\u00e9ance d\u2019une heure se d\u00e9roule en 3 \u00e9tape<\/strong><\/p>\n\n\n\n<ul class=\"wp-block-list has-palette-color-2-color has-text-color has-link-color wp-elements-7e7678a16167bed77d24130235d919a6\">\n<li><em>Pr\u00e9sentation rapide du d\u00e9roul\u00e9<\/em><\/li>\n\n\n\n<li><em>votre question<\/em><\/li>\n\n\n\n<li><em>l\u2019analyse de la conjoncture<\/em>&nbsp;(date de naissance)<\/li>\n\n\n\n<li><em>Questions r\u00e9ponses<\/em><\/li>\n<\/ul>\n\n\n\n<p><strong>EN VISIO<\/strong><\/p>\n\n\n\n<p class=\"has-palette-color-2-color has-text-color has-link-color wp-elements-27ccf236b24fca68cb36c837e0b95163\">Lors de la prise de RDV, un mail vous est adress\u00e9 avec le lien qui vous permettra de participer \u00e0 la s\u00e9ance en ligne via Google meet. nous vous conseillons de bien noter votre num\u00e9ro de t\u00e9l\u00e9phone portable.<\/p>\n\n\n\n<p class=\"has-palette-color-2-color has-text-color has-link-color wp-elements-c50657c1f73a0596fb30aae4bba5ed03\">Vous recevrez un rappel du rendez vous 24 h avant par mail.<\/p>\n\n\n\n<p><strong>SUR SITE<\/strong><\/p>\n\n\n\n<p class=\"has-palette-color-2-color has-text-color has-link-color wp-elements-52b2863bc5deb4dbaa5c9a7269d70fb9\">Il est possible de prendre rendez vous sur site. l\u2019adresse figure sur la page contact. Nous vous demandons de bien vouloir le stipulais lors de la prise de rendez vous.<\/p>\n\n\n\n<div class=\"wp-block-buttons is-layout-flex wp-block-buttons-is-layout-flex\">\n<div class=\"wp-block-button\"><a class=\"wp-block-button__link wp-element-button\" href=\"https:\/\/www.manumerologie.fr\/index.php\/prendre-rendez-vous\/\">Prendre RDV<\/a><\/div>\n<\/div>\n\n\n\n<p><\/p>\n","protected":false},"excerpt":{"rendered":"<p>LA NUM\u00c9ROLOGIE La num\u00e9rologie est une lecture et interpr\u00e9tation des nombres qui nous entours. \u00e0 travers leur symbolique, leur g\u00e9om\u00e9trie etc\u2026 Elle est issue de la connaissance des anciennes civilisations ( Mayas, \u00c9gyptiennes , Grecs etc\u2026) qui la pratiquaient pour diverses applications. Le c\u00e9l\u00e8bre math\u00e9maticien Grec ,Pythagore en a fait une doctrine &nbsp;\u00bbtout ce qui [&hellip;]<\/p>\n","protected":false},"author":1,"featured_media":0,"parent":0,"menu_order":0,"comment_status":"closed","ping_status":"closed","template":"","meta":{"footnotes":""},"class_list":["post-6","page","type-page","status-publish","hentry"],"blocksy_meta":[],"_links":{"self":[{"href":"https:\/\/www.manumerologie.fr\/index.php\/wp-json\/wp\/v2\/pages\/6","targetHints":{"allow":["GET"]}}],"collection":[{"href":"https:\/\/www.manumerologie.fr\/index.php\/wp-json\/wp\/v2\/pages"}],"about":[{"href":"https:\/\/www.manumerologie.fr\/index.php\/wp-json\/wp\/v2\/types\/page"}],"author":[{"embeddable":true,"href":"https:\/\/www.manumerologie.fr\/index.php\/wp-json\/wp\/v2\/users\/1"}],"replies":[{"embeddable":true,"href":"https:\/\/www.manumerologie.fr\/index.php\/wp-json\/wp\/v2\/comments?post=6"}],"version-history":[{"count":23,"href":"https:\/\/www.manumerologie.fr\/index.php\/wp-json\/wp\/v2\/pages\/6\/revisions"}],"predecessor-version":[{"id":103,"href":"https:\/\/www.manumerologie.fr\/index.php\/wp-json\/wp\/v2\/pages\/6\/revisions\/103"}],"wp:attachment":[{"href":"https:\/\/www.manumerologie.fr\/index.php\/wp-json\/wp\/v2\/media?parent=6"}],"curies":[{"name":"wp","href":"https:\/\/api.w.org\/{rel}","templated":true}]}}