{"id":9,"date":"2024-08-01T14:40:03","date_gmt":"2024-08-01T12:40:03","guid":{"rendered":"https:\/\/www.manumerologie.fr\/?page_id=9"},"modified":"2024-08-09T10:42:08","modified_gmt":"2024-08-09T08:42:08","slug":"linteret","status":"publish","type":"page","link":"https:\/\/www.manumerologie.fr\/index.php\/linteret\/","title":{"rendered":"L&rsquo;int\u00e9r\u00eat"},"content":{"rendered":"\n<p><strong>Elle nous apporte un \u00e9clairage sur<\/strong>&nbsp;:<\/p>\n\n\n\n<ul class=\"wp-block-list has-palette-color-2-color has-text-color has-link-color wp-elements-267c78eed874651f16744914ed438e3e\">\n<li>Nos pr\u00e9dispositions, nos atouts et faiblesses,<\/li>\n\n\n\n<li>Le profil de notre \u00eatre profond et ses aspirations (besoins)<\/li>\n\n\n\n<li>Le comment je pense, je suis et je fais avec ou sans le voile de l\u2019\u00e9go et du mental,<\/li>\n\n\n\n<li>Nos attachements, nos manques (voir 3 poisons ci-dessous)<\/li>\n\n\n\n<li>la fa\u00e7on dont je per\u00e7ois le monde qui m\u2019entoure avec mes programmations .<\/li>\n<\/ul>\n\n\n\n<p><strong>Elle nous permet de<\/strong>&nbsp;:<\/p>\n\n\n\n<ul class=\"wp-block-list has-palette-color-2-color has-text-color has-link-color wp-elements-b0d1752d1928da49bb4126fe45fdc796\">\n<li>fa\u00e7onner nos outils pour identifier et transformer les influences qui nous maintienne dans un sch\u00e9mas r\u00e9current de \u00ab&nbsp;mal \u00eatres&nbsp;\u00bb<\/li>\n\n\n\n<li>une aide \u00e0 l\u2019orientation dans nos d\u00e9cisions,<\/li>\n\n\n\n<li>apporter une aide \u00e0 notre auto connaissance<\/li>\n<\/ul>\n\n\n\n<hr class=\"wp-block-separator has-alpha-channel-opacity\"\/>\n\n\n\n<div class=\"wp-block-media-text is-stacked-on-mobile\" style=\"grid-template-columns:29% auto\"><figure class=\"wp-block-media-text__media\"><img loading=\"lazy\" decoding=\"async\" width=\"1024\" height=\"576\" src=\"https:\/\/www.manumerologie.fr\/wp-content\/uploads\/2024\/08\/sunset-g5c7e2fd9f_1280-1024x576.jpg\" alt=\"\" class=\"wp-image-60 size-full\" srcset=\"https:\/\/www.manumerologie.fr\/wp-content\/uploads\/2024\/08\/sunset-g5c7e2fd9f_1280-1024x576.jpg 1024w, https:\/\/www.manumerologie.fr\/wp-content\/uploads\/2024\/08\/sunset-g5c7e2fd9f_1280-300x169.jpg 300w, https:\/\/www.manumerologie.fr\/wp-content\/uploads\/2024\/08\/sunset-g5c7e2fd9f_1280-768x432.jpg 768w, https:\/\/www.manumerologie.fr\/wp-content\/uploads\/2024\/08\/sunset-g5c7e2fd9f_1280.jpg 1280w\" sizes=\"auto, (max-width: 1024px) 100vw, 1024px\" \/><\/figure><div class=\"wp-block-media-text__content\">\n<p class=\"has-text-align-center has-palette-color-2-color has-text-color has-link-color wp-elements-c184f48d24bc02d6bbdb004fb9bddec8\"><em>En changeant sa vision sur notre vie quotidienne et ce qui nous entoure, nous accomplissons le premier pas pour retrouver notre nature profonde.<\/em><\/p>\n<\/div><\/div>\n\n\n\n<hr class=\"wp-block-separator has-alpha-channel-opacity\"\/>\n\n\n\n<p class=\"has-text-align-center has-palette-color-2-color has-text-color has-link-color has-medium-font-size wp-elements-37c9de430bb6c734d4570500bcb9b7c1\"><strong>Comment sortir de la r\u00e9p\u00e9tition des sch\u00e9mas qui nous maintient dans notre mal \u00eatre.<\/strong><\/p>\n\n\n\n<h2 class=\"wp-block-heading\"><strong>les trois poisons de l\u2019\u00eatre humain<\/strong><\/h2>\n\n\n\n<ul class=\"wp-block-list has-palette-color-2-color has-text-color has-link-color wp-elements-00f543e905276eef3e81eec98fe7e845\">\n<li><strong>L\u2019IGNORANCE<\/strong>&nbsp;cache ou maquille l\u2019avidit\u00e9<\/li>\n\n\n\n<li><strong>L\u2019AVIDIT\u00c9<\/strong>&nbsp;(attachements) qui jamais assouvi g\u00e9n\u00e8re de l\u2019aversion<\/li>\n\n\n\n<li><strong>L\u2019AVERSION<\/strong>&nbsp;nous enferme dans notre bulle et nous maintient dans l\u2019ignorance<\/li>\n<\/ul>\n\n\n\n<div class=\"wp-block-columns is-layout-flex wp-container-core-columns-is-layout-28f84493 wp-block-columns-is-layout-flex\">\n<div class=\"wp-block-column is-layout-flow wp-block-column-is-layout-flow\" style=\"flex-basis:66.66%\"><\/div>\n<\/div>\n\n\n\n<p class=\"has-palette-color-2-color has-text-color has-link-color wp-elements-c92d33f53dc7fd0e4eb86b4d21fb63d1\">Ce processus nous maintient dans le moi et nous \u00e9carte du soi. Une fois que l\u2019on souhaite sortir de la souffrance qu\u2019elle nous cr\u00e9er nous nous sentons pousser vers une recherche plus profonde du soi.<\/p>\n\n\n\n<p class=\"has-palette-color-2-color has-text-color has-link-color wp-elements-97c63ccbce7e6357cc689aff110f3185\">C\u2019est en apportant un \u00e9clairage sur nos attachements que la num\u00e9rologie ADS nous donne un outils pour enrailler progressivement le m\u00e9canisme cette boucle.<\/p>\n\n\n\n<p class=\"has-palette-color-2-color has-text-color has-link-color wp-elements-442dcd4d7e5f2aa447e97ef0d6dfbe91\">Lib\u00e9r\u00e9 progressivement de nos attachements nous retrouvons notre libert\u00e9 d\u2019\u00eatre, ainsi \u00e9mane en nous l\u2019\u00eatre lumineux que nous sommes r\u00e9ellement en paix.<\/p>\n\n\n\n<div class=\"wp-block-buttons is-layout-flex wp-block-buttons-is-layout-flex\">\n<div class=\"wp-block-button\"><a class=\"wp-block-button__link wp-element-button\" href=\"https:\/\/www.manumerologie.fr\/index.php\/prendre-rendez-vous\/\">Prendre RDV<\/a><\/div>\n<\/div>\n\n\n\n<p><\/p>\n","protected":false},"excerpt":{"rendered":"<p>Elle nous apporte un \u00e9clairage sur&nbsp;: Elle nous permet de&nbsp;: En changeant sa vision sur notre vie quotidienne et ce qui nous entoure, nous accomplissons le premier pas pour retrouver notre nature profonde. Comment sortir de la r\u00e9p\u00e9tition des sch\u00e9mas qui nous maintient dans notre mal \u00eatre. les trois poisons de l\u2019\u00eatre humain Ce processus [&hellip;]<\/p>\n","protected":false},"author":1,"featured_media":59,"parent":0,"menu_order":0,"comment_status":"closed","ping_status":"closed","template":"","meta":{"footnotes":""},"class_list":["post-9","page","type-page","status-publish","has-post-thumbnail","hentry"],"blocksy_meta":{"disable_featured_image":"no","styles_descriptor":{"styles":{"desktop":"","tablet":"","mobile":""},"google_fonts":[],"version":6}},"_links":{"self":[{"href":"https:\/\/www.manumerologie.fr\/index.php\/wp-json\/wp\/v2\/pages\/9","targetHints":{"allow":["GET"]}}],"collection":[{"href":"https:\/\/www.manumerologie.fr\/index.php\/wp-json\/wp\/v2\/pages"}],"about":[{"href":"https:\/\/www.manumerologie.fr\/index.php\/wp-json\/wp\/v2\/types\/page"}],"author":[{"embeddable":true,"href":"https:\/\/www.manumerologie.fr\/index.php\/wp-json\/wp\/v2\/users\/1"}],"replies":[{"embeddable":true,"href":"https:\/\/www.manumerologie.fr\/index.php\/wp-json\/wp\/v2\/comments?post=9"}],"version-history":[{"count":13,"href":"https:\/\/www.manumerologie.fr\/index.php\/wp-json\/wp\/v2\/pages\/9\/revisions"}],"predecessor-version":[{"id":98,"href":"https:\/\/www.manumerologie.fr\/index.php\/wp-json\/wp\/v2\/pages\/9\/revisions\/98"}],"wp:featuredmedia":[{"embeddable":true,"href":"https:\/\/www.manumerologie.fr\/index.php\/wp-json\/wp\/v2\/media\/59"}],"wp:attachment":[{"href":"https:\/\/www.manumerologie.fr\/index.php\/wp-json\/wp\/v2\/media?parent=9"}],"curies":[{"name":"wp","href":"https:\/\/api.w.org\/{rel}","templated":true}]}}